13
Let n = -2723 + 5963. List the prime factors of n.
2, 3, 5
Suppose 0*p + 5*p - 1632 = 3*s, 4*p = s + 1300. Suppose p = 2*c + 88. List the prime factors of c.
2, 59
Suppose 0 = 19*u - 49*u + 29040. List the prime factors of u.
2, 11
Let l = 4480 - 1990. List the prime factors of l.
2, 3, 5, 83
Suppose -106*t - 12424 = -110*t. What are the prime factors of t?
2, 1553
Let i(m) = -m + 0*m + 3*m - 5*m - 12. Let u(o) = -6*o - 24. Let x(q) = -7*i(q) + 4*u(q). List the prime factors of x(-6).
2, 3
Let q(z) = -2*z + 4. Let g be q(1). Let u(s) = -8*s - 4. Let y(i) = -4*i - 2. Let w(r) = -3*u(r) + 5*y(r). List the prime factors of w(g).
2, 5
What are the prime factors of (2/((-8)/(-26)))/(2/148)?
13, 37
Let l(u) = u**2 - 7*u - 4. Let q = -4 - -11. Let t be l(q). Let f(m) = m**3 + 5*m**2 + 2*m + 3. List the prime factors of f(t).
11
List the prime factors of 724 + (-3 - 0/9).
7, 103
Suppose -30*y + 22869 = -19*y. What are the prime factors of y?
3, 7, 11
Let w = -13 - -8. Let y = -5 - w. Suppose 3*z = -y*z, -z + 175 = 5*b. What are the prime factors of b?
5, 7
Let w(p) = p**3 - 3*p**2 - 16. What are the prime factors of w(11)?
2, 7, 17
Suppose 23*o = 22*o + 16. What are the prime factors of (6/9)/(o/888)?
37
Let v be 86/3*6/4. Suppose -v = 2*o - 3*o. List the prime factors of o.
43
Let b(s) = 3*s - 5. Let g(n) = -n**3 - 13*n**2 + 14*n + 2. Let m be g(-14). Suppose 23 = m*a + 7. What are the prime factors of b(a)?
19
Let o = -34 - -39. Let l(z) = -z**3 + 8*z**2 - 2*z + 6. List the prime factors of l(o).
71
Suppose 2*p + 4*i + 6 = 0, -p - 3 = 5*i - 0. Let t = p + 173. What are the prime factors of t?
2, 5, 17
Let n = 351 + 302. What are the prime factors of n?
653
Let z = -8 + 10. Suppose 4*n + 4*r - 195 = -n, z*n - r = 78. Suppose -4*d + 42 = 2*g, g = -g - 5*d + n. List the prime factors of g.
3
Let n = 5 - -34. Suppose -n + 371 = 4*t. List the prime factors of t.
83
Let n(m) = m**2 + 4*m + 5. Let x be n(-4). Suppose -x*w + 5*a = 25, -2*a - 15 = -3*w - 5*a. Suppose w*h = -4*h + 140. List the prime factors of h.
5, 7
Let s(k) = 8*k**2 + 16*k + 33. List the prime factors of s(-10).
673
Let w(k) = 2*k + 1. Let q be w(3). Suppose 3*g + 28 - q = 0. Let y = g - -11. List the prime factors of y.
2
Let a(u) be the third derivative of u**6/120 - u**4/8 + u**3/3 + 22*u**2. What are the prime factors of a(0)?
2
Let q(t) = -172*t - 33. List the prime factors of q(-4).
5, 131
Let v = -165 - -159. Let t be (-38)/(-1)*2/4. What are the prime factors of -2*(4 + v) + t?
23
Suppose -2*l - 52 = -5*i - 287, -3*l - 2*i = -343. List the prime factors of l.
5, 23
Let y = 36 + -22. Let u = y - -34. List the prime factors of u.
2, 3
Let h(y) = y + 2. Suppose 4*v + 96 = v. Let m = -21 - v. List the prime factors of h(m).
13
Let i(l) = 70*l - 63. What are the prime factors of i(5)?
7, 41
Suppose -2*a - 6 = -34. Let z = 87 - a. List the prime factors of z.
73
Suppose 6*c - 10 = c. Suppose -n = c + 1, 0 = 4*v + 4*n - 60. Suppose v = 3*a + r, -4*a - r + 24 = -0*r. What are the prime factors of a?
2, 3
Let k(v) = 44*v**2 + 13*v + 2. Let b(u) = 15*u**2 + 4*u + 1. Let f(i) = 11*b(i) - 4*k(i). Let p be f(6). What are the prime factors of (-1)/(-2) - p/18?
5
Let z = -94 + 372. Let k = z + -164. What are the prime factors of k?
2, 3, 19
Let i = 2896 - -2722. List the prime factors of i.
2, 53
Let h(p) = -16*p**3 - 10*p**2 - 32*p + 10. List the prime factors of h(-4).
2, 3, 167
Let h(f) = -7*f - 9 + 6*f - f - 3*f. List the prime factors of h(-10).
41
Suppose -9*w = -2*w. Suppose w = -9*i + 8*i + 38. What are the prime factors of i?
2, 19
Let x = 798 - -164. List the prime factors of x.
2, 13, 37
Let c(v) = -9 - 1 - v - 4*v + v**2. Let p be c(7). Suppose -124 = -0*q - p*q. What are the prime factors of q?
31
Let k(f) = -f**3 + 6*f**2 - 2. Let o be k(6). What are the prime factors of 4*(o + -278)/(-5)?
2, 7
Suppose -4*n + 85 = 3*x - 4*x, -x - 105 = -5*n. Suppose -7*m = -6*m - n. List the prime factors of m.
2, 5
Suppose -m - 561 = -2*l - 2*m, 2*l = 4*m + 536. Let f = -3 + l. What are the prime factors of f?
5, 11
Let d = 85 + -12. Let q = d - 26. What are the prime factors of q?
47
Let o(k) = 34*k**2 + k + 9. List the prime factors of o(-7).
2, 3, 139
Let q = 3 - 3. Suppose 9*g - 4*g - 340 = q. What are the prime factors of g?
2, 17
Suppose 2*j + 34 = 38, -2*g - 5*j = -9396. List the prime factors of g.
13, 19
Suppose -2*h - 407 = -4*b - 115, -4*h - 604 = 2*b. Let z = h + 217. List the prime factors of z.
67
Suppose 0 = 57*j - 65*j + 3912. List the prime factors of j.
3, 163
Suppose 0 = -4*c - 2*y + 7746 + 8224, 12000 = 3*c - 3*y. List the prime factors of c.
5, 17, 47
Let z = -1405 + 2390. What are the prime factors of z?
5, 197
Suppose 0 = 2*y + 5*w - 83, 0*y - 2*y + 4*w + 110 = 0. Let l = -46 + y. What are the prime factors of l?
3
Let u(p) = 7*p**3 + 6*p**2 + 3. Let z(x) = -6*x**3 - 5*x**2 - 3. Let c(f) = 2*u(f) + 3*z(f). List the prime factors of c(-3).
2, 3, 13
Suppose 3*b + 6 = -s, -3*b = -5*s - 37 - 11. Let v = s + 5. List the prime factors of (v*3)/4 + 30.
3
Suppose g - 3*v + 43 = 6*g, g = -2*v + 3. Let p(l) = 3*l + 21. List the prime factors of p(g).
2, 3
Suppose -8*d + 4*d - 4*n + 7516 = 0, -d = 3*n - 1869. What are the prime factors of d?
2, 3, 157
Suppose -2*j - 2 = -42. Suppose -m - 4*n + 14 = 0, -4*m - 2*n + j = -3*m. Suppose -3*q - 171 = -5*p, 0 = 3*p - 5*q - m - 67. What are the prime factors of p?
2, 3
Suppose 3*b - 854 = -4*h - 11, -4*h - 4*b = -848. Let f be (-1)/(4 + h/(-51)). Suppose 10 = d - f. What are the prime factors of d?
3
Let d be (-2)/3 - 84/(-18). Suppose -d*j + 14 = -2*j. List the prime factors of j.
7
Suppose -p - 7 = -y - 0*p, 2*y + p - 8 = 0. Suppose y*o = o + 184. Let i = o - 26. List the prime factors of i.
2, 5
Let n(x) = 7*x + 3. Let a be n(-2). Let o(y) be the third derivative of -y**4/12 - 12*y**2 - 4*y. What are the prime factors of o(a)?
2, 11
Let y = 18 - 36. What are the prime factors of (123/(-6) + 4)/(3/y)?
3, 11
What are the prime factors of (-8)/(-12) - 448/(-21)?
2, 11
Suppose 4*v + 0*v - 4*j = 3308, 4*j = 0. List the prime factors of v.
827
Suppose -48*u - 18*u + 127314 = 0. List the prime factors of u.
3, 643
Let j(d) = -d**2 + 7*d - 10. Let u = 7 - 3. Let x be j(u). Suppose 241 = 5*i - p - x*p, -2*p = 3*i - 137. What are the prime factors of i?
47
List the prime factors of (-2 - (-14)/(-6))/((-6)/3330).
5, 13, 37
Suppose -2*h + 4*f = -177 - 385, 0 = 4*h - 3*f - 1134. What are the prime factors of h?
3, 5, 19
Let y(b) = 53*b**2 + 26*b + 303. List the prime factors of y(-8).
11, 317
Let b = 138 + -139. List the prime factors of (-11 - (-1 - -1))/b.
11
Let g be -3 + -1 - 774/(-3). Let o = g + -168. What are the prime factors of o?
2, 43
Suppose -62 = 5*y + b, 5*b - 9 + 31 = -y. Let n = y - -67. Suppose 0 = -5*f + 20 + n. List the prime factors of f.
3, 5
Suppose -10*n + 21*n = 12320. List the prime factors of n.
2, 5, 7
What are the prime factors of (-277)/3*-5 - (-26)/(-39)?
461
Let a(v) = v**2 - 12*v + 14. Let s be a(11). Suppose h = s*j + 3*h + 34, -3*h = -3. What are the prime factors of 87/2*(-8)/j?
29
Suppose 0 = 7*t - 2*t + 5. Let f be t - -2 - 4 - -3. Suppose f = g - 0*g - 5. What are the prime factors of g?
5
Let o be (7/4)/(1/1316*7). Let d = -20 + o. List the prime factors of d.
3, 103
Let g(y) be the first derivative of y**2 + 6*y + 1 + 2/3*y**3. List the prime factors of g(-4).
2, 3, 5
Suppose -y + 4*y - 3*q - 66 = 0, -2*q + 4 = 0. Suppose -y + 4 = -5*d. What are the prime factors of 0 - (4 - 8)*d?
2
Let u be 3 - (2 - (3 - 1)). Suppose 101 = -u*i + 29. List the prime factors of 12/32 - 1623/i.
2, 17
Suppose 3*z - 8*o - 291 = -4*o, 0 = 3*z + 5*o - 318. List the prime factors of z.
101
Suppose -3*a - 9 = 0, -11648 - 6736 = -4*l + 4*a. What are the prime factors of l?
3, 1531
Let h(m) = -7*m**3 - m**2 + 2*m - 6. Let f be h(-3). What are the prime factors of f*(7/(-2))/(-7)?
2, 3, 7
Suppose -781 = -5*y - 4*q, 0*y - 3*q + 154 = y. List the prime factors of y.
157
Let r(d) = 0 + 6 + 215*d**2 - 179*d**2 + 4*d. List the prime factors of r(-2).
2, 71
Let p = -177 - -94. Let r = -13 - p. List the prime factors of r.
2, 5, 7
Let b = -20 + 22. Suppose -4*h + 160 + 16 = -b*n, -3*h - 479 = 5*n. Let c = n + 142. List the prime factors of 